g be u(-11). Suppose 0 = -2*i - 3*f + g + 6, -2*i - 4*f = -2. What are the prime factors of i?
11
Let w = 2 - -1. Suppose d - 9 = -w. List the prime factors of d.
2, 3
Let z(t) = t**3 + 7*t**2 + 7*t + 9. Let s be z(-6). Suppose s*i - r - 1 = -0, 11 = -3*i - 2*r. What are the prime factors of 4*(i - (-2 - 0))?
2
Let o(y) = y - 1. Let u be o(0). Let t be (u - -1)/(6/(-3)). Let a = 4 + t. List the prime factors of a.
2
Suppose -d - 54 = -3*d. What are the prime factors of d?
3
Suppose d - 4*d = -9. What are the prime factors of (-6 - 3)*(-5)/d?
3, 5
Let y = 27 - 24. What are the prime factors of y?
3
Let t = -7 - -11. Suppose 2 = t*o - 10. Suppose o*f - 36 = -15. What are the prime factors of f?
7
Suppose -12 + 3 = -3*u. List the prime factors of u.
3
Suppose 0 = 3*h + 4*r - 20, 42 = 4*h - 4*r + 6. What are the prime factors of h?
2
List the prime factors of (-24)/(-56) + -4*2258/(-28).
17, 19
Let u(s) = -2*s - 7. Let z be u(-5). Suppose 0 = r + z. What are the prime factors of 2 + -3*11/r?
13
Let q(x) = x**3 - 7*x**2 - 11*x + 11. List the prime factors of q(9).
2, 37
Let r = -31 - -18. Let m = -33 + r. What are the prime factors of 10/(-15) - m/6?
7
Let k be ((-4)/(-6))/((-4)/(-24)). Let z be 4/3*30/k. Suppose z*q = 5*q + 45. What are the prime factors of q?
3
Suppose -12*a + 9*a = -6. Suppose q - 1 = a*t + 8, 45 = 5*q + 3*t. What are the prime factors of q?
3
Let s be (1/2)/((-5)/(-20)). Suppose 55 = 5*z - 2*a, -s*a + 16 = 5*z - 39. List the prime factors of z.
11
Let j be (1 + 1)/(2 + -1). Suppose 0 = j*s + 2. Let y = s + 5. List the prime factors of y.
2
Let g(j) = -3*j**2 - 2*j. Let i(r) = 16*r**2 + 9*r - 1. Let l(x) = -11*g(x) - 2*i(x). Let b be l(-5). What are the prime factors of ((-2)/7)/((-1)/b)?
2
Let j = 18 + -9. List the prime factors of j.
3
Let h be 0 + -2 + 0 + 10. Suppose -3*a = -h*a. Suppose a*x + x = 9. List the prime factors of x.
3
Let f = 310 + -93. List the prime factors of f.
7, 31
Let p = -22 + 39. List the prime factors of p.
17
Let c(n) = -n**3 - 2*n**2. Let j be c(-2). Suppose j*o + o = -5*q + 5, 115 = 5*o - 5*q. List the prime factors of o.
2, 5
Let q(j) = 3*j**2 - 6*j**2 + 8 - 5*j + 0*j + 4*j**2. What are the prime factors of q(7)?
2, 11
Suppose -5*s - 3*x + 303 = 0, 0 = 3*s + 2*s - 2*x - 323. List the prime factors of (2 - s/6)*-2.
17
Let d be 23/(-1) - (-3 - -3). Let l = 42 + d. What are the prime factors of l?
19
Suppose 5*o = 741 - 31. Suppose 2*z - o = -4*b, -3*z = 4*b - 6*z - 127. List the prime factors of b.
2, 17
Let k be 0/(-7) - 3*1. Let d be ((-8)/k)/((-8)/108). Let c = -22 - d. What are the prime factors of c?
2, 7
Suppose l - 8 = -b + 6*l, -2*b = -l - 7. Suppose 0 = b*i + i - 8. What are the prime factors of 2 + (-2 - (-14 + i))?
2, 3
Suppose 8*z - 476 = 4*z. What are the prime factors of z?
7, 17
Let z(y) = 3*y**2 - 7*y + 2. Let b be z(3). What are the prime factors of (20/b)/(2/16)?
2, 5
Let h(b) = -2*b**3 - 8*b**2 - 8*b - 5. Let d be h(-5). Suppose 3*n + 2*n = -d. Let v = -12 - n. List the prime factors of v.
5
Suppose 0 = 4*t - 8, 2*y - 5*t - 5 - 23 = 0. List the prime factors of y.
19
Let r(v) be the third derivative of v**6/120 - v**5/15 + v**4/8 - 5*v**3/6 - v**2. Let j(h) = h - 9. Let y be j(13). What are the prime factors of r(y)?
7
Let d be (-2)/(-8) - (-6)/8. Suppose -11 - d = -4*j. What are the prime factors of j?
3
List the prime factors of 15/10*(-426)/9*-1.
71
Let x(h) = h. Let b be x(7). Suppose 0 + 2 = l. List the prime factors of l/(-7) + 93/b.
13
Let m = 149 - 129. List the prime factors of m.
2, 5
Let u be 2/11 - 2892/(-66). Suppose 2*f = 3*j + 1 - u, 42 = 4*j + 5*f. What are the prime factors of j?
13
Let k = -13 - -4. List the prime factors of -2 + (4/(-2) - k).
5
Let r(t) = t - 2. Let j be r(0). List the prime factors of (-4)/(j - 12/(-9)).
2, 3
Let z(n) = -304*n**3 - 2*n**2 - 2*n. List the prime factors of z(-1).
2, 19
Suppose 10*r - 1824 = -14*r. What are the prime factors of r?
2, 19
Suppose z + 214 = 3*s - 488, -5*s + 5*z = -1180. List the prime factors of s.
233
Suppose -17 = 2*p - 41. List the prime factors of p.
2, 3
Let t = -21 - -15. Let l be 6/t + 26/2. Suppose 0 = q + 1 - l. What are the prime factors of q?
11
Suppose 50 = 2*r - r. Let c = 74 - r. What are the prime factors of c?
2, 3
Let l(n) = -n**3 + 4*n**2 - 2*n - 1. Let g be l(3). Let v be 58*(-2 + 5/g). Let d = v + -21. What are the prime factors of d?
2
Let r = 53 + -32. What are the prime factors of r?
3, 7
Let q be 2/(((-8)/5)/4). Let x = -4 - q. Suppose x = u - 6. What are the prime factors of u?
7
Let s(r) = -3*r**2 - 4*r + 0*r - 2*r**3 + 2 + 3*r**3. What are the prime factors of s(4)?
2
Suppose -3*n + 16 - 46 = 0. List the prime factors of ((-4)/n)/(4/80).
2
What are the prime factors of 4 + 4 + -8 + (-1 - -4)?
3
Let k(h) = -12*h - 9. Let s be k(-9). What are the prime factors of (s/(-15) - -3)*-5?
2, 3
List the prime factors of 36/(-8)*(-20)/3 - -3.
3, 11
Let q(g) = g - 6. Let a be q(8). Suppose 5*h + 3*w - 56 = 0, -6 = -2*w - a. List the prime factors of h.
2, 5
Let g = 40 - 15. List the prime factors of g.
5
Let v be 2*1/2*3. Suppose p - 3 = -2*l + 10, 0 = 4*p + 3*l - 42. Suppose 0 = -v*n + p + 21. What are the prime factors of n?
2, 5
Let a = -6 - -10. Suppose -2*g + a = -16. Suppose 2*u - 12 = g. What are the prime factors of u?
11
Let n(c) = c - 3. Let j(o) = o**2 + 3*o + 5. Let z = -3 + -1. Let i be j(z). List the prime factors of n(i).
2, 3
Suppose 0 = -3*v + 10 - 1. Suppose 36 = s + v*s. Suppose s*f - 5*f = 36. List the prime factors of f.
3
Let s = 0 - 6. Let o be (-2)/s + 33/9. Suppose 0 = 3*l - 4*l + o. List the prime factors of l.
2
Suppose -7*p = -4*p + 2*o - 39, 2*p + o = 27. Suppose p = t + 1. What are the prime factors of t?
2, 7
Let b = -4 - -7. Suppose 0 = 2*h - 3 - b, -2*n - 3*h = -27. Suppose 0 = u - n + 1. List the prime factors of u.
2
Let h(n) = n**3 + 4*n**2 - 2*n - 5. Let f be h(-4). Suppose -4*k = -2*d - 4, 3*k - 3*d = -0*d - f. Suppose -5*g + k*g + 20 = 0. What are the prime factors of g?
2, 5
Let s(z) = -z - 1. Let r be s(-6). Suppose -12 = -r*k - 5*d + 23, k = 5*d - 23. Suppose 7*m - k*m = 20. What are the prime factors of m?
2
Suppose -b = 4*f + f - 10, -3*b + 12 = -3*f. Suppose -v + 30 = 5*k, 4*v + 0*v - 5*k + b = 0. Let w = 20 - v. List the prime factors of w.
3, 5
Let b be (2/(-5))/(2/(-250)). Suppose 3*i + 5*q - b = 0, 4*q - 2*q = i - 35. List the prime factors of i.
5
Let q = -25 - -48. List the prime factors of q.
23
Let b be (2/(-6))/((-3)/(-9)). What are the prime factors of 26 + b - 4/(-2)?
3
Let f = -25 - -82. List the prime factors of f.
3, 19
Suppose -48 = -4*n + 28. What are the prime factors of n?
19
Let r(c) = 6*c + 3*c**3 + 4 + 8*c**2 - 2*c**3 - 2*c**2. Let f be 6/(-27) + (-34)/9. What are the prime factors of r(f)?
2, 3
Let l(y) = 0*y**2 + 0*y - 1 + 3*y**2 + y. Let t be l(1). Suppose 30 - 6 = t*h. What are the prime factors of h?
2
Suppose 4*n + 5 = 5*n. Suppose -2*z = 2*z + 3*c - 44, z + n*c = 11. List the prime factors of z.
11
Let n(f) = -6 + f - 9*f - f**2 - 2*f. Suppose -h + 0 = -z + 10, 22 = -2*h + 4*z. List the prime factors of n(h).
3
Let u(x) = 8*x + 2. Let f(s) = 12*s + 3. Let d(r) = -5*f(r) + 8*u(r). Let g be d(8). Suppose 2*a - 5*a + g = 0. List the prime factors of a.
11
Let b = 222 + -120. What are the prime factors of b?
2, 3, 17
Suppose 0 = -7*d + 313 + 65. What are the prime factors of d?
2, 3
Let u be 3*(-2 - (-8)/3). Suppose -4 = -2*z, 3*z = 2*v - 2*z - 2. Let q = v + u. List the prime factors of q.
2
Suppose -m - y - 8 = 1, 4*y + 12 = 0. List the prime factors of ((-20)/m)/(10/30).
2, 5
Let b(u) = u - 9. Let h be b(9). Suppose h = 3*i + 3*a + 20 - 74, -2*a = 4*i - 66. List the prime factors of i.
3, 5
Suppose -4*g - 4 = 0, 0 = -4*w - g - 0*g + 95. List the prime factors of w.
2, 3
Suppose -2*p - 3*p = -5*g + 90, -2*g - 5*p + 29 = 0. Let w = g - 1. What are the prime factors of w?
2
Let d = 74 - 251. List the prime factors of (-2)/(-4) - d/6.
2, 3, 5
Let b = 25 - 23. List the prime factors of b.
2
Let h(f) = f**2 + 18*f - 7. List the prime factors of h(-24).
137
Let g = 68 - 68. Suppose 70 = 5*s - 5*b, -s - 4*b + b + 2 = 0. Let k = g + s. List the prime factors of k.
11
Suppose 94 = 3*k - 200. What are the prime factors of k?
2, 7
Suppose